{"id":18237,"date":"2021-05-06T08:49:35","date_gmt":"2021-05-06T06:49:35","guid":{"rendered":"https:\/\/bollerup-jensen.dk\/shop\/?post_type=product&#038;p=18237"},"modified":"2026-04-29T09:29:15","modified_gmt":"2026-04-29T07:29:15","slug":"autoshampoo","status":"publish","type":"product","link":"https:\/\/bollerup-jensen.dk\/shop\/produkt\/bilpleje\/autoshampoo\/","title":{"rendered":"Autoshampoo 1 L"},"content":{"rendered":"<p>Opbevares frostfrit og utilg\u00e6ngeligt for b\u00f8rn.<\/p>\n<h3>Indhold Autoshampoo<\/h3>\n<p>1 L Autoshampoo<br \/>\n5-15% tensider, voks, konservering, parfume og farve.<br \/>\nIndeholder ogs\u00e5 5-chloro-2-methyl-4-isothiazolin-3-on og 2-methyl-2H-isothiazol-3-on(3:1). Kan udl\u00f8se en allergisk reaktion.<\/p>\n<h3>Brugsanvisning<\/h3>\n<p><em>Brug 1 dl Autoshampoo til 5 L vand.<\/em><\/p>\n<ol>\n<li>Skyl bilen med vand, for at komme af med l\u00f8st snavs.<\/li>\n<li>Afvask bilen oppe fra og ned med Autoshampoo.<\/li>\n<li>Skyl til sidst efter med rent vand.<\/li>\n<\/ol>\n<h3>Fare<\/h3>\n<p>For\u00e5rsager alvorlig \u00f8jenirritation. Skadelig for vandlevende organismer, med langvarige virkninger. Hvis der er brug for l\u00e6gehj\u00e6lp, medbring da beholderen eller etiketten. Opbevares utilg\u00e6ngeligt for b\u00f8rn. B\u00e6r beskyttelseshandsker\/\u00f8jenbeskyttelse. VED KONTAKT MED HUDEN: Vask med rigeligt vand. VED KONTAKT MED \u00d8JNENE: Skyl forsigtigt med vand i flere minutter. Fjern eventuelle kontaktlinser, hvis dette kan g\u00f8res let. Forts\u00e6t skylning. Indholdet\/beholderen bortskaffes i overensstemmelse med lokale forskrifter.<\/p>\n","protected":false},"excerpt":{"rendered":"<p>Autoshampoo er en koncentreret s\u00e6be med voks, der effektivt kan bruges til fjernelse af skidt og snavs p\u00e5 alle biler. Shampooen efterlader bilen med en flot nyvasket glans.<\/p>\n<p>Der bruges 1 dl Autoshampoo til 5 L vand.<\/p>\n","protected":false},"featured_media":18297,"template":"","meta":{"_acf_changed":false},"product_brand":[],"product_cat":[586],"product_tag":[],"class_list":{"0":"post-18237","1":"product","2":"type-product","3":"status-publish","4":"has-post-thumbnail","6":"product_cat-bilpleje","8":"first","9":"instock","10":"taxable","11":"shipping-taxable","12":"purchasable","13":"product-type-simple"},"acf":[],"_links":{"self":[{"href":"https:\/\/bollerup-jensen.dk\/shop\/wp-json\/wp\/v2\/product\/18237","targetHints":{"allow":["GET"]}}],"collection":[{"href":"https:\/\/bollerup-jensen.dk\/shop\/wp-json\/wp\/v2\/product"}],"about":[{"href":"https:\/\/bollerup-jensen.dk\/shop\/wp-json\/wp\/v2\/types\/product"}],"wp:featuredmedia":[{"embeddable":true,"href":"https:\/\/bollerup-jensen.dk\/shop\/wp-json\/wp\/v2\/media\/18297"}],"wp:attachment":[{"href":"https:\/\/bollerup-jensen.dk\/shop\/wp-json\/wp\/v2\/media?parent=18237"}],"wp:term":[{"taxonomy":"product_brand","embeddable":true,"href":"https:\/\/bollerup-jensen.dk\/shop\/wp-json\/wp\/v2\/product_brand?post=18237"},{"taxonomy":"product_cat","embeddable":true,"href":"https:\/\/bollerup-jensen.dk\/shop\/wp-json\/wp\/v2\/product_cat?post=18237"},{"taxonomy":"product_tag","embeddable":true,"href":"https:\/\/bollerup-jensen.dk\/shop\/wp-json\/wp\/v2\/product_tag?post=18237"}],"curies":[{"name":"wp","href":"https:\/\/api.w.org\/{rel}","templated":true}]}}