{"id":2609,"date":"2018-03-28T00:00:00","date_gmt":"2018-03-27T22:00:00","guid":{"rendered":"https:\/\/bollerup-jensen.dk\/shop\/produkter\/Ikke%20kategoriseret\/fliseimpraegnering-vandafvisende-r2u\/"},"modified":"2026-04-16T15:27:00","modified_gmt":"2026-04-16T13:27:00","slug":"fliseimpraegnering-vandafvisende-r2u","status":"publish","type":"product","link":"https:\/\/bollerup-jensen.dk\/shop\/produkt\/terrasse\/flisebehandling\/fliseimpraegnering-vandafvisende-r2u\/","title":{"rendered":"Fliseimpr\u00e6gnering Vandafvisende (Klar til brug)"},"content":{"rendered":"<p><em>Opbevares utilg\u00e6ngeligt for b\u00f8rn.<\/em><\/p>\n<h5>KLAR TIL BRUG MED DET SAMME!<\/h5>\n<p>Vores Fliseimpr\u00e6gnering Vandafvisende er klar til brug med det samme, og derfor kan du nemt komme igang med at give dine fliser en vandafvisende effekt, som du hurtigt vil blive glad for, n\u00e5r det regner i det danske land.<\/p>\n<h5>INDHOLD<\/h5>\n<ul>\n<li>2,5 liter fliseimpr\u00e6gnering klar til brug.<\/li>\n<li>Silikat &lt;30%<\/li>\n<li>3-(2-Aminoethylamino)propylmethyl dimethoxysilan<\/li>\n<\/ul>\n<p><img fetchpriority=\"high\" decoding=\"async\" class=\"alignnone wp-image-15404 size-full\" src=\"https:\/\/bollerup-jensen.dk\/shop\/wp-content\/uploads\/2017\/01\/fliseimpraegnering-konc.jpg\" alt=\"\" width=\"708\" height=\"173\" srcset=\"https:\/\/cdn.bollerup-jensen.dk\/wp-content\/uploads\/2017\/01\/fliseimpraegnering-konc.jpg 708w, https:\/\/cdn.bollerup-jensen.dk\/wp-content\/uploads\/2017\/01\/fliseimpraegnering-konc-300x73.jpg 300w, https:\/\/cdn.bollerup-jensen.dk\/wp-content\/uploads\/2017\/01\/fliseimpraegnering-konc-600x147.jpg 600w\" sizes=\"(max-width: 708px) 100vw, 708px\" \/><\/p>\n<h5>BRUGSANVISNING<\/h5>\n<p><em><strong>Fliseimpr\u00e6gnering Vandafvisende er klar til brug med det samme.<\/strong><\/em><\/p>\n<ul>\n<li>Vigtigt: Fliseimpr\u00e6gnering Vandafvisende R2U vil give en vandafvisende overflade, hvor vand og regn l\u00e6gger sig som perler ovenp\u00e5 flisernes overflade.<\/li>\n<li>Fliserne renses f\u00f8rst grundigt med Bollerup Jensen Fliserens, s\u00e5 der ikke er rester af bel\u00e6gninger og snavs p\u00e5 fliserne.<\/li>\n<li>Fliserne skal v\u00e6re helt t\u00f8rre, f\u00f8r Fliseimpr\u00e6gnering Vandafvisende R2U p\u00e5f\u00f8res.<\/li>\n<li>Fliseimpr\u00e6gnering Vandafvisende R2U r\u00e6kker helt op til 15 m2 \u2013 afh\u00e6ngig af flisernes sugeevne.<\/li>\n<li>P\u00e5f\u00f8r fliseimpr\u00e6gneringen med en havespr\u00f8jte eller lignende. Hvis der ligger for meget impr\u00e6gnering i pytter\/s\u00f8er, fordeles disse med en kost eller pensel.\u00a0Resultatet kan ses med det samme.<\/li>\n<li>Husk altid at foretage pr\u00f8veopstr\u00f8g for kontrol af overfladen og produktets forenelighed.<\/li>\n<\/ul>\n<p>Vi har lavet en guide der viser dig hvordan du <a href=\"https:\/\/bollerup-jensen.dk\/shop\/hjaelp-og-vejledning\/hvordan-impraegnerer-jeg-mine-fliser\/\">nemt impr\u00e6gnerer dine fliser<\/a>.<\/p>\n<h5>VIGTIGT<\/h5>\n<p>Undg\u00e5 at p\u00e5f\u00f8re produktet p\u00e5 glas og metal, samt overflader der ikke kan suge produktet. Hvis uheldet er ude, skal de ber\u00f8rte omr\u00e5der hurtigt afvaskes med varmt vand. Fliser der er behandlet med algebek\u00e6mpelsesmiddel b\u00f8r skylles grundig f\u00f8r behandling med Bollerup Jensen Fliseimpr\u00e6gnering Vandafvisende R2U. Fliserne kan betr\u00e6des efter ca. en time. Det er vigtigt, at fliserne ikke uds\u00e6ttes for regn og vand de f\u00f8rste 12-24 timer. <em>Alt anvendt udstyr skylles grundigt med varmt vand efter brug.<\/em><\/p>\n<h5>ADVARSEL<\/h5>\n<p>For\u00e5rsager hudirritation. For\u00e5rsager alvorlig \u00f8jenirritation. Hvis der er brug for l\u00e6gehj\u00e6lp, medbring da beholderen eller etiketten. VED KONTAKT MED HUDEN: Vask med rigeligt vand og s\u00e6be. VED KONTAKT MED \u00d8JNENE: Skyl forsigtigt med vand i flere minutter. Fjern eventuelle kontaktlinser, hvis dette kan g\u00f8res let. Forts\u00e6t skylning. B\u00e6r beskyttelseshandsker\/\u00f8jenbeskyttelse. S\u00f8g l\u00e6gehj\u00e6lp ved ubehag. Opbevares utilg\u00e6ngelig for b\u00f8rn.<\/p>\n<h5>Se hvordan du behandler med fliseimpr\u00e6gnering<\/h5>\n<div style=\"width: 640px;\" class=\"wp-video\"><video class=\"wp-video-shortcode\" id=\"video-2609-1\" width=\"640\" height=\"360\" preload=\"metadata\" controls=\"controls\"><source type=\"video\/mp4\" src=\"https:\/\/bollerup-jensen.dk\/shop\/wp-content\/uploads\/video.mp4?_=1\" \/><a href=\"https:\/\/bollerup-jensen.dk\/shop\/wp-content\/uploads\/video.mp4\">https:\/\/bollerup-jensen.dk\/shop\/wp-content\/uploads\/video.mp4<\/a><\/video><\/div>\n<p>&nbsp;<\/p>\n","protected":false},"excerpt":{"rendered":"<p>Vandafvisende fliser med vores nye Klar-til-brug Fliseimpr\u00e6gnering Vandafvisende. Fliserne f\u00e5r en overflade, der er afvisende overfor vand, og dermed l\u00e6gger regn og vand sig som sm\u00e5 perler p\u00e5 flisernes overflade. Resultatet kan opleves, n\u00e5r fliserne er t\u00f8rre efter behandling, og produktet er klar til brug direkte fra dunken.<\/p>\n","protected":false},"featured_media":17600,"template":"","meta":{"_acf_changed":false},"product_brand":[],"product_cat":[412],"product_tag":[],"class_list":{"0":"post-2609","1":"product","2":"type-product","3":"status-publish","4":"has-post-thumbnail","6":"product_cat-flisebehandling","7":"pa_antal-liter-10-liter","8":"pa_antal-liter-25-liter","9":"pa_antal-liter-20-liter","10":"pa_antal-liter-5-liter","12":"first","13":"instock","14":"taxable","15":"shipping-taxable","16":"purchasable","17":"product-type-variable"},"acf":[],"_links":{"self":[{"href":"https:\/\/bollerup-jensen.dk\/shop\/wp-json\/wp\/v2\/product\/2609","targetHints":{"allow":["GET"]}}],"collection":[{"href":"https:\/\/bollerup-jensen.dk\/shop\/wp-json\/wp\/v2\/product"}],"about":[{"href":"https:\/\/bollerup-jensen.dk\/shop\/wp-json\/wp\/v2\/types\/product"}],"wp:featuredmedia":[{"embeddable":true,"href":"https:\/\/bollerup-jensen.dk\/shop\/wp-json\/wp\/v2\/media\/17600"}],"wp:attachment":[{"href":"https:\/\/bollerup-jensen.dk\/shop\/wp-json\/wp\/v2\/media?parent=2609"}],"wp:term":[{"taxonomy":"product_brand","embeddable":true,"href":"https:\/\/bollerup-jensen.dk\/shop\/wp-json\/wp\/v2\/product_brand?post=2609"},{"taxonomy":"product_cat","embeddable":true,"href":"https:\/\/bollerup-jensen.dk\/shop\/wp-json\/wp\/v2\/product_cat?post=2609"},{"taxonomy":"product_tag","embeddable":true,"href":"https:\/\/bollerup-jensen.dk\/shop\/wp-json\/wp\/v2\/product_tag?post=2609"}],"curies":[{"name":"wp","href":"https:\/\/api.w.org\/{rel}","templated":true}]}}