{"id":5459,"date":"2019-10-08T09:08:42","date_gmt":"2019-10-08T07:08:42","guid":{"rendered":"https:\/\/bollerup-jensen.dk\/shop\/?post_type=product&#038;p=5459"},"modified":"2026-04-29T09:29:11","modified_gmt":"2026-04-29T07:29:11","slug":"facadeimpraegnering","status":"publish","type":"product","link":"https:\/\/bollerup-jensen.dk\/shop\/produkt\/terrasse\/udendoersrens\/facadeimpraegnering\/","title":{"rendered":"Facadeimpr\u00e6gnering 2,5 L"},"content":{"rendered":"<p><em>Opbevares utilg\u00e6ngeligt for b\u00f8rn.<\/em><\/p>\n<p><em>Ved brug for l\u00e6gehj\u00e6lp, medbring da beholderen eller etiketten.<\/em><\/p>\n<h5>INDHOLD<\/h5>\n<ul>\n<li>2,5 liter v\u00e6ske klar til brug.<\/li>\n<li>pH-v\u00e6rdi ca. 8,2<\/li>\n<li>Konservering: &lt;5%<\/li>\n<li>Indeholder 3-(2-Aminoethylamino)propylmetyldimethoxysilan, 5-Chlor-2-Methyl-4-isothiazolin-3-on og 2-methyl-4-isothiazolin-3-on (blanding i forhold 3:1). Kan udl\u00f8se allergisk reaktion.<\/li>\n<li>Opbevares i original emballage, t\u00e6t lukket, t\u00f8rt og frostfrit.<\/li>\n<\/ul>\n<h5>BRUGSANVISNING<\/h5>\n<ul>\n<li>Facaden renses grundigt for skidt og snavs med Bollerup Jensen Allround Rens.<\/li>\n<li>Inden behandlingen startes, skal overfladen v\u00e6re fast og t\u00f8r, s\u00e5 der ikke er noget, der forhindrer Faceimpr\u00e6gnering i at binde p\u00e5 overfladen.<\/li>\n<li>Facadeimpr\u00e6gnering er klar til brug. Produktet kan p\u00e5f\u00f8res overfladen med en lavtryksspr\u00f8jte, airless spr\u00f8jte, malerrulle eller pensel.<\/li>\n<li>Produktet fordeles j\u00e6vnt over hele det omr\u00e5de, som \u00f8nskes behandlet. Det er vigtigt at v\u00e6sken ikke l\u00f8ber. Produktet b\u00f8r v\u00e6re tr\u00e6ngt ind i overfladen i l\u00f8bet af 10-30 minutter.<\/li>\n<\/ul>\n<h5>VIGTIGT<\/h5>\n<p>Det er vigtigt, at det behandlede omr\u00e5de ikke uds\u00e6ttes for regn eller vand de f\u00f8rste 8-10 timer. H\u00e6rder ikke ved temperaturer under 5<sup>o<\/sup>C. Den optimale p\u00e5f\u00f8ringstemperatur er 5-25<sup>o<\/sup>C. Facadeimpr\u00e6gnering h\u00e6rder op efter 1-2 dage ved mindst 15<sup>o<\/sup>C. Brug egnede beskyttelseshandsker. Rester af produktet og tom emballage bortskaffes via den kommunale affaldsordning. Alt anvendt udstyr reng\u00f8res grundigt med varmt vand efter brug.<\/p>\n","protected":false},"excerpt":{"rendered":"<p>Facadeimpr\u00e6gnering er effektiv til en l\u00e6ngere holdbarhed af murv\u00e6rk og facader, og samtidig beskyttes det mod vind, vejr og snavs. Kan anvendes p\u00e5 mursten, tegl og bel\u00e6gninger med br\u00e6ndte sten, granit sten og natur sten. Overfladen f\u00e5r en flot vandafvisende flade, hvor vandet ikke tr\u00e6nger ind.<\/p>\n<p>2,5 L Facadeimpr\u00e6gnering r\u00e6kker op til 25 m<sup>2<\/sup>.<\/p>\n","protected":false},"featured_media":5460,"template":"","meta":{"_acf_changed":false},"product_brand":[],"product_cat":[407,415],"product_tag":[],"class_list":{"0":"post-5459","1":"product","2":"type-product","3":"status-publish","4":"has-post-thumbnail","6":"product_cat-terrasse","7":"product_cat-udendoersrens","9":"first","10":"instock","11":"taxable","12":"shipping-taxable","13":"purchasable","14":"product-type-simple"},"acf":[],"_links":{"self":[{"href":"https:\/\/bollerup-jensen.dk\/shop\/wp-json\/wp\/v2\/product\/5459","targetHints":{"allow":["GET"]}}],"collection":[{"href":"https:\/\/bollerup-jensen.dk\/shop\/wp-json\/wp\/v2\/product"}],"about":[{"href":"https:\/\/bollerup-jensen.dk\/shop\/wp-json\/wp\/v2\/types\/product"}],"wp:featuredmedia":[{"embeddable":true,"href":"https:\/\/bollerup-jensen.dk\/shop\/wp-json\/wp\/v2\/media\/5460"}],"wp:attachment":[{"href":"https:\/\/bollerup-jensen.dk\/shop\/wp-json\/wp\/v2\/media?parent=5459"}],"wp:term":[{"taxonomy":"product_brand","embeddable":true,"href":"https:\/\/bollerup-jensen.dk\/shop\/wp-json\/wp\/v2\/product_brand?post=5459"},{"taxonomy":"product_cat","embeddable":true,"href":"https:\/\/bollerup-jensen.dk\/shop\/wp-json\/wp\/v2\/product_cat?post=5459"},{"taxonomy":"product_tag","embeddable":true,"href":"https:\/\/bollerup-jensen.dk\/shop\/wp-json\/wp\/v2\/product_tag?post=5459"}],"curies":[{"name":"wp","href":"https:\/\/api.w.org\/{rel}","templated":true}]}}